**3 - 3*n**2 - n - 5. What is the remainder when 34 is divided by p(4)?
6
What is the remainder when 15 is divided by ((-10)/(-5))/((-2)/(-6))?
3
Let a(c) = -4*c - 2. Let r be 3/(2*6/16). Suppose -11 = -3*j + r*d, 3*j + 5*d = 4*j. Calculate the remainder when j is divided by a(-1).
1
What is the remainder when 78 is divided by (-6)/(-16) - (-654)/48?
8
Let p = 0 + 1. Suppose 5 = 4*k + p. Let a(u) = 13*u. What is the remainder when a(k) is divided by 5?
3
Let u(z) = -9*z - 10. What is the remainder when u(-9) is divided by 36?
35
Let o(x) = -x**3 + 14*x**2 - 21*x - 18. Calculate the remainder when 56 is divided by o(12).
2
Let k(s) = -s**2 + 6*s - 3. Let t(j) = -j**3 + 5*j**2 + 6*j + 4. Let a be t(6). What is the remainder when 7 is divided by k(a)?
2
Suppose 0 = 2*l - 27 - 11. What is the remainder when l is divided by (-1)/(1 - (-16)/(-14))?
5
Suppose 0 = -3*i + 11 + 19. Let g = i + 8. What is the remainder when g is divided by 11?
7
Let t = 4 + -20. Let n = t - -26. What is the remainder when 28 is divided by n?
8
Suppose 4*x - 2 - 122 = 0. Let w(i) = -i**3 + i**2 + i + 1. Let o be w(-1). Let s = o - -9. What is the remainder when x is divided by s?
9
Let b = 25 - 13. What is the remainder when 129 is divided by b?
9
Let g be (-9)/((-315)/50)*7. Suppose g = w - 12. What is the remainder when w is divided by 46/4 + 1/2?
10
What is the remainder when 68 + 20/4 + -1 is divided by 13?
7
Suppose 4*q - 6 = -3*n + 27, -9 = -2*q - 3*n. What is the remainder when (-51)/((-2)/((-4)/(-3))) is divided by q?
10
Let r(q) = q**3 - q**2 + q + 1. Let v(x) = -4*x**3 + 9*x**2 - 6*x - 8. Let j(b) = 3*r(b) + v(b). Calculate the remainder when j(5) is divided by (-12)/(-9)*6/4.
1
Let v(x) = x**3 + 10*x**2 + 5*x + 2. What is the remainder when v(-9) is divided by 14?
10
Suppose g - 21 = -2*l, -2*g - g = -3*l - 45. Suppose 0 = -v + 1 - 3. Calculate the remainder when 3/(v - (-67)/32) is divided by g.
15
Let z = 12 - 6. Suppose z*t - 60 = 4*t. Let n(y) = 2*y**2 - 7*y + 1. Calculate the remainder when t is divided by n(5).
14
Let m(o) = -o**3 - 3*o**2 - o - 2. Let y be m(-3). Let w(r) = 7*r**2 + r - 1. Let g = -26 - -46. What is the remainder when g is divided by w(y)?
6
Suppose -2*v + 5*x = -16, 5*v + 7*x - 7 = 3*x. Calculate the remainder when 6 is divided by v.
0
Let c(g) = g**2. Let r(k) = -7*k**2 - k. Let n(t) = 6*c(t) + r(t). Let v be n(0). Calculate the remainder when 6 + -3 + v + 2 is divided by 3.
2
Let v = -117 + 171. Let b = 5 + -9. What is the remainder when v is divided by b*(-28)/8*1?
12
Suppose -13 = -2*i + 23. What is the remainder when i is divided by 10?
8
Suppose -10 = -2*l - 3*l. Suppose -g + l*g - 9 = 0. Suppose -4*o + g*o - 220 = 0. Calculate the remainder when o is divided by 23.
21
Let t(o) = 7*o + o**2 + 3 - 3*o**2 + 3*o**2. Let g = -18 + 11. Calculate the remainder when 4 is divided by t(g).
1
Let s(v) = 8*v**2 + v. Let h be s(-1). Suppose 0 = -5*c + 4*y - 9, 1 = 3*c - 3*y + h. What is the remainder when 13 is divided by c + -1 - (-18)/2?
6
Let w(y) = y**2 - y. Suppose -3*v = -6, -3*c - 5*v + 30 = c. Let j be w(c). Let f = 37 - j. Calculate the remainder when 32 is divided by f.
15
Suppose -2*z + 10 = 3*z. What is the remainder when z is divided by 1?
0
Let j be 3 + 111*2 + 3. Suppose -i + 18 = 5. Calculate the remainder when (j/(-18))/(1/(-3)) is divided by i.
12
Suppose -32 = -3*d + 34. Calculate the remainder when 41 is divided by d.
19
Let a(w) = -w**3 + 6*w**2 + 7*w + 5. Let j be a(7). Suppose j*q = 15, -3*g = -3*q - 2*q - 144. Calculate the remainder when g is divided by -1 + (20 - 1) + 0.
17
Let i = -2 + 4. Suppose 0 = -3*l + 5*l - i*u - 30, -45 = -2*l + 5*u. What is the remainder when 4/((-12)/(-51)) - -2 is divided by l?
9
Let h be 100/(-3) + (-1)/(-3). Let t = 50 + h. What is the remainder when t is divided by 5 + (-1)/2*-2?
5
Suppose 0 = -3*u + 2*u - 1. Let z = -18 + 56. Calculate the remainder when z + -1 + u - -2 is divided by 13.
12
Suppose -35 - 129 = -5*b - y, 0 = 5*b - y - 156. What is the remainder when b is divided by 17?
15
Suppose -5*l = -0 - 20, -8 = -4*j + 5*l. Calculate the remainder when 26 is divided by j.
5
Suppose 2*r - 6 = 4. Let q(w) = 2*w**2 + 3*w + 2. Let l be q(-2). Suppose 3 = -2*i - 3*p, l*i - 5*p = i + 24. What is the remainder when r is divided by i?
2
Let w = 13 - -26. What is the remainder when w is divided by 20?
19
Suppose -5*j = -j - 16. Suppose 2*k - 3*u = -11, u - 15 = -2*k - 3*k. What is the remainder when (1 + (0 - j))*-1 is divided by k?
1
Let l(g) = 2*g - 1. Let y be (-2)/4*2*-2. Let a be l(y). Suppose -a*c = c - 12. Calculate the remainder when 8 is divided by c.
2
Suppose 0 = 3*k - k - 26. Let f(n) = -2*n**2 - n + 2. Let c be f(4). Let a = 59 + c. Calculate the remainder when a is divided by k.
12
Let b be (-3)/(1 - (2 + 0)). Suppose b = -2*i + 3*i. Suppose i*m - 2*v = m, 5*v - 2 = 4*m. What is the remainder when m is divided by 1?
0
Let s = -110 - -200. What is the remainder when s is divided by 19?
14
Let h(r) = -r - 2. Let i be h(-4). Suppose -s + 91 = 3*m, 5*m = i*s - s + 141. What is the remainder when 86 is divided by m?
28
Suppose y = -2*y + 138. Suppose 0 = 2*w + 5*t - 165, 60 = 2*w - 4*t - 96. Suppose 0 = -3*a - 2*a + w. What is the remainder when y is divided by a?
14
Let x(s) = 4*s**2 + 4*s + 2. Suppose -l + 86 = 3*q, -2*q - 3*l + 113 = 2*q. What is the remainder when q is divided by x(-2)?
9
Let z(s) = -2 - 3*s + 2*s**2 + 3 + 4. Let f be 1/(-2)*-2*-4. What is the remainder when z(f) is divided by 17?
15
Suppose 5*s - 5 = 5. Let j = 50 + -20. Suppose -j = s*p - 5*p. What is the remainder when p is divided by 6?
4
Suppose z + 22 = -0*i + 5*i, 0 = z + 5*i - 28. What is the remainder when 4 is divided by z?
1
Let q(f) = -2*f - 7. Let j be q(-5). Suppose -3*g = 5*z - 56, 0*z - 12 = -3*z. Calculate the remainder when 23/((5 - 2)/j) is divided by g.
11
Suppose 0 = 2*h + 2*h - 24. Suppose -44 - h = -2*x. What is the remainder when x is divided by 9?
7
Let x(h) = 13*h - 3. Let w be x(2). Suppose 0 = 2*p + 2*k - w - 19, -k = 3*p - 57. Calculate the remainder when 52 is divided by p.
16
Let b(z) = z**3 + 7*z**2 - 11*z - 4. What is the remainder when b(-8) is divided by 7?
6
Suppose -5*y + p = 114 - 357, y - 51 = -p. What is the remainder when y is divided by 17?
15
Let o(j) = 1 + 19*j - 5*j + 0*j. Calculate the remainder when o(2) is divided by (6/(-9) - -4)*3.
9
Let y be 30/40 - 226/(-8). Suppose y + 52 = p. Calculate the remainder when p is divided by 21.
18
Calculate the remainder when ((-52)/6)/((-2)/3) is divided by -20*((-12)/(-10))/(-3).
5
Suppose -10*l + 8*l + 10 = 0. Suppose 0 = h + 3*m - 0*m + 8, 3*h - l*m = 18. What is the remainder when 3 is divided by h?
0
Let p = 3 - 3. What is the remainder when 141/15 - 2/5 is divided by 3 - (2 - 4 - p)?
4
Let f = 17 + -1. Calculate the remainder when 77 is divided by f.
13
Suppose -2*a = -11 - 25. What is the remainder when a is divided by 3?
0
Calculate the remainder when 46 is divided by 330/27 - (-2)/(-9).
10
Suppose o - 3*o = -16. Suppose 0 = -3*h - 4*c + 8, -5*h + 6*c + 21 = 5*c. Calculate the remainder when o is divided by h.
0
Let a = 19 - 10. Suppose -2 = 2*y + 4*c, -2*y - 5*c + 0 = 3. Suppose -5*k + 27 = b + 2, -b + k = -y. What is the remainder when a is divided by b?
4
Let i(b) = -b + 9. Let u be i(7). Suppose -2*s = -c + 8, 3*s - c + 20 = -u*s. Let p = -2 - s. Calculate the remainder when 2 is divided by p.
0
Suppose 4*x + 15 = -13. Let t(k) = k**2 + 6*k - 4. Let v be t(x). What is the remainder when (13/v)/(2/12) is divided by 9?
8
Let o = 5 - -34. Suppose 3*a = 6 + o. Calculate the remainder when 43 is divided by a.
13
Let f = -211 - -417. Calculate the remainder when f is divided by 52.
50
Suppose -3 + 31 = 3*a + m, -m + 19 = 2*a. What is the remainder when a is divided by 6?
3
Suppose 2*x = 3*x - 2. Let t(b) = 2*b + 5. Let s be t(-5). What is the remainder when -5*(-1)/s*-2 is divided by x?
0
Let i(a) = -a**2 - 13*a - 32. Calculate the remainder when 45 is divided by i(-5).
5
Suppose f - 6 = m, -18 = -4*f + 2*m - 2. Suppose 10 = 4*u + f. What is the remainder when 6 is divided by u?
0
Suppose 3*c = 2*c. Let i = c - -5. What is the remainder when (-1 + -12)*(-3)/3 is divided by i?
3
What is the remainder when 25 is divide